 - 4*c + 24. Let z(r) = r**2 - 9*r + 7. Let k be z(c). Give p(k).
2
Let s(k) be the second derivative of -k**5/20 - 5*k**4/12 + 2*k**3/3 - 4*k**2 - 5*k. Calculate s(-6).
4
Let o(m) = -7*m**3 + 8*m**2 + 11*m + 13. Let n(i) = -3*i**3 + 4*i**2 + 5*i + 6. Let p(h) = -5*n(h) + 2*o(h). Calculate p(5).
6
Let a be 4/3 + (-4)/(-6). Let s(w) = w - 4. Let l be s(6). Let n(j) = -7*j + 2*j**l + 7*j - 2*j - 2. Give n(a).
2
Let f(r) = 4*r - 1 + 2*r + 0 - 3*r. Calculate f(-1).
-4
Suppose 0*i - 4*s + 10 = 2*i, 2*s + 50 = 4*i. Let b = 15 - i. Let c(t) be the first derivative of t**3/3 - t**2 + 1. Calculate c(b).
8
Suppose 7 = -5*a + 2. Let f(y) = -10*y**3 + y**2 + 2*y + 1. Give f(a).
10
Let v(q) = -8*q**3 - q**2 + 1. Suppose 2*k = 2*w + 6, -12 = -2*w - 5*k - 4. Determine v(w).
8
Let h(n) = 2*n**2 + 1. Let l(u) = u**2 + u + 3. Let k be l(-3). Let q = 7 - k. Let y(m) = -2*m**2 - m - 1. Let s(v) = q*h(v) - 3*y(v). Give s(-2).
3
Let v(d) = -2*d**2 - 5*d - 3. Let g(l) = l - 9. Let j be (12/(-24))/(2/(-24)). Let k be g(j). What is v(k)?
-6
Let j(c) = -3*c**2 - 2 + 7*c + 3*c**2 - c**2 + c. Suppose -3*y = p + 8, 2*p - 24 = -2*y + 4*y. Let d be j(p). Let i(u) = u - 12. Calculate i(d).
-7
Let m(y) = -y - 7. Let c(z) = 1. Let b(i) = -24*c(i) - 3*m(i). Let o = 31 + -38. Let v be ((-9)/6)/(o/14). What is b(v)?
6
Let u(n) = 3*n - 3. Let m be (-2 + (-30)/(-3))/2. Let q(g) = -8*g + 9. Let t(k) = m*q(k) + 11*u(k). Suppose 4*a + 14 = 2. Determine t(a).
0
Let j(b) = -1. Let s(n) be the first derivative of n**2/2 + 10*n + 1. Let w(l) = 4*j(l) + s(l). Let u(c) = 2*c - 44. Let g be u(22). What is w(g)?
6
Let l(p) = p - 7. Let a(d) = d**2 - 2*d - 10. Let y(g) = g**3 - g**2 + 1. Let c be y(2). Let b be a(c). Determine l(b).
-2
Let j be (6/7)/(1/7). Let x(o) = -o + 5. Let t be x(j). Let n(q) = 2*q. Let r be n(t). Let l(i) = i**3 + i**2 - i + 1. Give l(r).
-1
Let h(g) be the third derivative of -1/12*g**5 + 0 + 0*g - 1/120*g**6 + 5/6*g**3 - g**2 - 1/12*g**4. Let k(v) = -v**2 - v + 2. Let j be k(-3). What is h(j)?
-3
Let i be 4/(-3)*1*-3. Let c(x) = x. Let w(o) = o**2 - 9*o + 1. Let k(q) = 3*c(q) + w(q). Calculate k(i).
-7
Let c(x) = -2*x**2 + 15*x - 6*x - 11*x + x**2 + 2. Give c(-4).
-6
Let v(b) = 2*b**2 - 3*b + 1. Let c = -14 - -16. Suppose 8*o = 7*o + c. Determine v(o).
3
Suppose -18 = -5*q + 8*q. Let p(d) = -d - 3. Determine p(q).
3
Suppose -5*q = -3*d - 22, 4*q - 20 - 5 = -5*d. Let y(n) = -n**2 + 7*n - 4. Determine y(q).
6
Suppose 2*o + 3*q + 75 = 0, -o + 4*q - 37 = 5*q. Let d be (-8)/o + (-32)/(-18). Let s(n) = n**3 - 3*n**2 - 3*n + 2. Give s(d).
-8
Let b(g) = -4*g**2 - g. Let w(x) = 4*x + 69. Let i be w(-17). Give b(i).
-5
Let r(x) = -x**3 - x + 1. Let a(p) = p**3 + 8*p**2 + 8*p + 7. Let k be a(-7). Let s be r(k). Let m(d) = -4*d + 1. Determine m(s).
-3
Let p(s) = -s + 6. Let l be p(5). Let r be 0 + (1 + 0)*l. Let i(u) = 7*u - 1. What is i(r)?
6
Let h(c) = -3 - c - 3 - 4 + 3. Suppose 5*x + 7 + 3 = 0. Let j = -7 - x. Give h(j).
-2
Let q(h) = -h - 1. Let i = 15 - 11. Suppose -2*j - b + 9 = 0, -3*j + 18 = i*b - 8. What is q(j)?
-3
Let w(z) = z**3 + 5*z**2 - z - 3. Suppose b = 2*b - a - 16, 0 = -3*b + a + 38. Let m = -16 + b. What is w(m)?
2
Let m(z) = -z**3 + 11*z**2 + z - 9. Let n be m(11). Let g(d) = d - 5. Let h(c) = -c + 5. Let w(t) = n*g(t) + 3*h(t). What is w(4)?
1
Suppose 41 = 4*y + 101. Let w = y - -15. Let d(b) = 6 - b**3 - 1 - 1. Determine d(w).
4
Let g(b) = b**3 - 7*b**2 + 2*b - 11. Let o be g(7). Let l(t) be the first derivative of 1 + 3*t**2 - 1/3*t**o - 5*t. Determine l(5).
0
Let h = 43 + -85/2. Let y(p) be the first derivative of 3*p - h*p**2 + 1. What is y(5)?
-2
Suppose 7 = -p + 2. Let a(x) = 0*x - 6*x + 3*x + 4*x. Calculate a(p).
-5
Let w(c) be the second derivative of -1/6*c**3 - 3/2*c**2 + 0 - c. What is w(-5)?
2
Let i = 0 + 5. Let n(j) = 3*j + 9. Let h(m) = -5*m - 18. Let w(t) = -4*h(t) - 7*n(t). Determine w(i).
4
Suppose 3*o - 4*w = 17, o - 7 = -4*o - 4*w. Let d(h) = -o*h - 4 + 3 - h. What is d(-2)?
7
Let w(t) = -6 - 14*t**2 - 21*t**2 - 20*t**2 - t + 54*t**2. Let h be (-2)/((-4)/(-2)) - 5. Let m(u) = u**3 + 7*u**2 + 5*u - 6. Let x be m(h). Give w(x).
-6
Let c(m) = -m + 10. Suppose -5*l = -k - 3*k - 15, l - 3 = 5*k. What is c(k)?
10
Let r(a) be the third derivative of a**5/60 - a**3/6 - 5*a**2. Calculate r(-1).
0
Let u(c) = -12 + 5 + 2 + 3*c + c - 4*c**2 - c**3. Calculate u(-5).
0
Let a(t) = 160 - 157 - 4*t + 3*t. Give a(3).
0
Let y(o) = -o**3 + 4*o**2 + o + 7. Let p = 22 - 17. What is y(p)?
-13
Let b(g) be the first derivative of -2*g**4 + 2*g**3/3 + g**2 + g - 6. Calculate b(-1).
9
Let s(b) be the second derivative of -b**4/3 - b**3/6 + b**2/2 - 3*b. Let n be 4/10 + (-6)/(-10). Let l be s(n). Let z(x) = x + 1. Determine z(l).
-3
Let b(a) = -a + 2. Suppose -3*c = c + 4*f - 4, f - 9 = -5*c. Give b(c).
0
Let d be (-4)/4*(-14)/2. Let m(i) = -i**3 + 10*i**2 - 8*i - 5. Let a be m(9). Let s(z) = z**2 + 4*z**2 + z**2 + d*z + a + z**3. What is s(-4)?
8
Let j(x) = 4*x + 1. Let a be j(-1). Let t(c) = c - 5. Let f be t(6). Let d = f + a. Let s(w) = -w**3 - w**2 - 2*w + 1. Calculate s(d).
9
Suppose 0 = 3*a + 66 - 90. Let d(v) = -v**3 + 8*v**2 + 10. What is d(a)?
10
Let i(o) be the first derivative of -o**2/2 + o - 2. Let c(y) be the third derivative of -y**6/120 + y**5/30 + y**4/6 - y**2. Let l be c(3). Determine i(l).
-2
Let n(o) = o**3 - o**2 - 2*o. Let z(w) be the first derivative of w**4 + w**2/2 - 3. Let r be z(1). Suppose -4*j + 2 = -y + 3*y, -r*j - 2 = 4*y. What is n(j)?
0
Let i(q) = q - 8. Suppose 10 = 5*c - 5. Suppose x = -h - x + 6, c*h - 15 = -5*x. What is i(h)?
-8
Let i(j) = j. Let v(m) = -4. Let d(x) = -3*i(x) - v(x). Give d(3).
-5
Let h(f) be the third derivative of -f**4/24 + 11*f**3/3 - 11*f**2. What is h(0)?
22
Let w = -4 - -6. Let h(n) = 2*n**2 + 0*n + 3*n**3 - w - 2*n**3 + 0*n. Give h(-2).
-2
Let k(g) be the second derivative of 3*g**5/4 - 3*g - 1. What is k(1)?
15
Let h(c) = c**2 + 11*c + 24. Let y be h(-6). Let k(t) = 6*t + 9. What is k(y)?
-27
Let k = 1 + 1. Let d(q) = q - k - 3 - 2*q. What is d(-5)?
0
Let n(o) = -10*o + 4. Let k(v) = -30*v + 12. Let a(u) = -4*k(u) + 11*n(u). Determine a(3).
26
Let u(l) = -l**3 - l**2 + l + 5. Let x be u(0). Suppose -3*y = 2*y - 5*k - x, -19 = -4*y + k. Let w(g) = -y*g**3 + 2*g**3 + g - 2*g**3. Calculate w(1).
-5
Let o(p) = -p - 1. Let l(v) = -v - 1. Let s(m) = 6*l(m) - 7*o(m). Give s(1).
2
Let n(l) be the second derivative of 0 + 2/3*l**3 + 2*l - 3/2*l**2 - 1/12*l**4. What is n(2)?
1
Let b = -6 - -7. Suppose b - 11 = 2*o. Let a(x) = x - 2. Determine a(o).
-7
Let k = 9 + -8. Let d be k/3 + (-32)/(-12). Let p(m) = -1 - m**3 + 11*m**3 + 2*m**3 - 2*m**d. Determine p(-1).
-11
Let s(d) be the third derivative of d**7/2520 + d**6/90 - d**5/60 - 2*d**2. Let g(l) be the third derivative of s(l). Let x = 32 - 38. Calculate g(x).
-4
Let f(b) = -b**2 - 2*b + 1. Let c(x) = -x**2 - 3*x + 1. Let l(h) = -h**2 + 7*h - 3. Let o be l(6). Let z(y) = o*f(y) - 2*c(y). Determine z(-1).
0
Let h(d) = 8*d**3 - 2*d**2 + d. Let o(a) = -a**2 - 5*a - 2. Let t be o(-3). Suppose v - t*v = -12. Suppose 6*j - 2*j = 2*x + 6, 0 = -v*j - 2*x + 2. Give h(j).
7
Let y(k) be the second derivative of -k**4/12 + 2*k. Give y(3).
-9
Let y(b) = -b**3 - b**2 + b - 3. Let a be y(-3). Let m be (-1)/(-4) - 39/a. Let v(k) = k. What is v(m)?
-3
Let k(b) = -9*b - b**3 - 9 + 9*b**2 + 11 + 5. Determine k(8).
-1
Let h(d) = -6*d + 5. Let b(v) = -v + 1. Let l(g) = -5*b(g) + h(g). Give l(-2).
2
Let f(p) = 1. Let d(z) = -2*z. Let t(x) = d(x) + 6*f(x). Give t(6).
-6
Let d(y) = 5*y + 0 + 3 + 3*y - 7*y. Determine d(3).
6
Suppose -2*n = -2*k + 2*n - 4, -5*k - 2*n = -14. Suppose -q = -k*q + 2. Let j(g) = 3*g - 6*g - 3 + 0*g + g**q. Determine j(3).
-3
Let w(a) = -2*a - 3 + 3 + 1 - 6. Calculate w(-4).
3
Let r(h) = -h**2 - 5*h - 2. Let s be r(-4). Suppose -3*p = -2*w - s*w + 7, -4*w = -4*p - 8. Let z(a) = -a + 2*a - w + 5. Determine z(-4).
0
Let n be 3 + (9 - 2) + -4. Let z(u) = -u**2 + 8*u - 8. Calculate z(n).
4
Let f(h) = h**2 - 8*h. Let s be f(8). Suppose -4*g + 0 - 8 = s. Let r(d) = -d - 1. Give r(g).
1
Let f(t) = 3 + t + 2 - 2*t. Calculate f(5).
0
Let f(l) = -l**3 + 4*l**2 - 3*l. Let a be f(3). Let o(x) = -x**3 - x**2 - x - 13. Give o(a).
-13
Let q(w) be the first derivative